 b be 2/(-9) - 50/t. Determine w(b).
-6
Let p = 6 - 4. Let h(n) = n**2 - p*n - n + 5 + 4*n. Suppose 0*t = t. Give h(t).
5
Let b(a) be the second derivative of 1/6*a**3 + 0*a**2 + 2*a + 0 - 1/4*a**5 + 0*a**4. Give b(1).
-4
Let r(f) = 6 - 4 - 4 - f. Suppose 3*u + 8 = -4*t, 4*u + 2 = -5*t - 8. Give r(u).
-2
Let t be (-13)/(-4) - 3/12. Let h = -2 + t. Let y(z) = -z - 3*z - 2 - h. Give y(-3).
9
Let a(r) be the second derivative of -1/20*r**5 + 0 - 4*r + 1/4*r**4 + r**3 - 3/2*r**2. What is a(4)?
5
Suppose 6 = -h - 3*c - 5, h = 5*c + 21. Let z(v) = -4*v**2 - v + 1. What is z(h)?
-4
Suppose -6*s = -s + 5. Let z(r) = 10*r**3. Determine z(s).
-10
Let n(w) be the first derivative of w**6/360 - w**4/24 - w**3/3 + 2. Let o(x) be the third derivative of n(x). Determine o(4).
15
Let u(r) = r**2 + 5*r - 8. Let w = -4 + 18. Suppose 5*m - 16 = c, 0*c = -2*c + m - w. Determine u(c).
-2
Let b be 1*23 + 18 + -18. Let n = -28 + b. Let v(j) = j**3 + 4*j**2 - 6*j - 2. Calculate v(n).
3
Let m(c) = -c**3 - 6*c**2 - 5*c + 7. Let t(u) = -2*u - 5. Let g be t(0). Determine m(g).
7
Let t(m) = 5*m**3 - 23*m**2 - 5*m + 2. Let f(n) = -3*n**3 + 15*n**2 + 3*n - 1. Let g(l) = 8*f(l) + 5*t(l). Give g(-5).
7
Let g(v) = 4*v**2 + 2*v - 1. Let m be (2/2)/((-1)/(-2)). Suppose -4*a + m*a = -2. Let c be (-5)/15*(a - 4). Calculate g(c).
5
Let j(t) = 3*t - 4. Let r(u) = 2*u - 4. Let n(m) = -4*j(m) + 5*r(m). Let w be -1*9*4/(-12). Calculate n(w).
-10
Suppose 0 = -3*f - 7 - 2. Let l(v) = -v**3 + v. Let p(w) = -3*w**3 - 3*w**2 + 2*w + 4. Let x(j) = -2*l(j) + p(j). What is x(f)?
4
Let v(d) = -7 - 12 - 7 - 20*d. Let o(w) = 7*w + 9. Suppose 3*p = 7*p + 44. Let k(l) = p*o(l) - 4*v(l). What is k(-4)?
-7
Let a(d) = -d**3 - 3*d**2 + 3*d - 4. Let m(s) = s**3. Let w(j) = a(j) + 2*m(j). What is w(3)?
5
Let s be (2 - (-2)/(-3))*-3. Let b(a) = a**2 + 5*a + 4. Calculate b(s).
0
Let q(u) = 2*u + 4. Let g(z) = -5*z - 11. Let i(n) = 2*g(n) + 7*q(n). Let p(d) = 1. Let y(f) = i(f) - 5*p(f). Give y(-1).
-3
Let z(g) = g**2 + 6*g - 5. Let d(l) = l - 15. Let u be d(9). Determine z(u).
-5
Let k(w) = w**3 + 2*w**2 - 2*w - 1. Let d = -51 + 49. Determine k(d).
3
Let o(x) = 4*x**2 - 2*x + 1. Let v be o(1). Let p be 1/4 - 7/(-4). Let u(h) = -2 + v - h + p*h. Determine u(-1).
0
Let i(q) = q**2 + q + 1. Suppose 5*l - 2*h = -16, -13 = 5*l - 5*h + 4*h. Let m be l*(-1)/2 + -1. What is i(m)?
1
Let a(m) be the second derivative of -m**4/12 + m**3/3 - 3*m. Let n be (-11)/5 - (-2)/10. Calculate a(n).
-8
Let q(z) = z**2 - 2*z + 7*z + z - 5*z. Determine q(3).
12
Let n(o) = o**2 + 2*o + 1. Let c(x) = x**3 + 2*x**2 - 2*x + 1. Let k be c(-3). What is n(k)?
1
Let l(c) = -c - 2. Suppose 10 = -m + 2*m. Suppose -2 = -p - 2*d, 5*p = 5*d - 2*d + m. Suppose 0 = -p*n + 4. Calculate l(n).
-4
Let z be 1/(-7) - 86/(-14). Let y(o) = o**2 - 8*o + 9. Determine y(z).
-3
Let v(f) = -f. Suppose 3*m = m. Determine v(m).
0
Let b(d) be the second derivative of d**4/12 + 5*d**3/6 + 3*d**2/2 + 16*d. Calculate b(-3).
-3
Let o(m) be the second derivative of -3*m + 0 - 1/12*m**4 - 1/20*m**5 - m**2 + 1/6*m**3. Suppose 0 = c - 3*q - 14 - 1, 5*c + q + 5 = 0. Calculate o(c).
-2
Let m be 4/18 + 86/18. Suppose -2*q - 15 = -2*o - m, o = -2*q + 8. Let n(f) = f - 1. What is n(o)?
5
Let r(x) = -x**2 + 3*x - 3. Let n be r(3). Let b(z) = 4*z + 8. Let i(h) = 10*h + 20. Let q(u) = -12*b(u) + 5*i(u). Calculate q(n).
-2
Let g(r) = r - 9. Let i be g(11). Let j(n) be the third derivative of n**4/12 - n**3/6 + 10*n**2. Determine j(i).
3
Let i = 20 + -24. Let l be i - (-5 - -1)/(-4). Let a(o) be the first derivative of -o**2/2 - 5*o + 1. Determine a(l).
0
Let t(h) = -11*h + 6. Let n(k) = 12*k - 7. Let a(m) = -5*n(m) - 6*t(m). Determine a(-1).
-7
Let h(x) = -13*x**2 - 7*x - 6 + 4*x**2 + 0*x**2 + 7*x**2. Let m(k) = k - 2. Let v be m(-2). Determine h(v).
-10
Suppose 4*s + 6 = 3*m, 4*m + 3*s + 5 = 6*m. Let t = 2 + m. Let v(h) = -6*h**3 - 6*h - 12. Let j(k) = 5*k**3 + 5*k + 11. Let q(o) = 7*j(o) + 6*v(o). Give q(t).
5
Suppose -4*m + 7 = 5*x - 30, -x - m = -8. Let w(y) = -y**3 + 5*y**2 + y + 5. Give w(x).
10
Let z(n) = 2*n**2 - 5*n - 4. Let q(j) = -j**3 + 2*j**2 + 5*j - 2. Let f be q(3). Determine z(f).
8
Let y(a) = 3*a**3 - a**2 + 5*a - 7. Let i(w) = w**3 + 4*w**2 + w - 1. Let x be i(-3). Let d(t) = -2*t**3 - 2*t + 3. Let n(s) = x*d(s) + 2*y(s). Determine n(1).
-5
Let x(h) = h - 11. Suppose -4*u + 40 = -5*v, -2*v - v = 2*u + 2. Let o be (-1)/u - 180/(-25). Calculate x(o).
-4
Let m(a) = 3*a - 4. Let t be m(3). Let c(r) = -r**3 + 5*r**2 - 2*r + 7. Calculate c(t).
-3
Let t(x) = 3*x**3 - 6*x**2 - 6*x - 16. Let a(u) = 2*u**3 - 7*u**2 - 7*u - 15. Let o(r) = 4*a(r) - 3*t(r). Give o(-9).
-3
Let f be 1 + -1 - 2/2. Let j = 4 + f. Let m(v) = 6*v + v**2 - v + j + 0. Calculate m(-3).
-3
Let i = -10 - -5. Let c(k) = -5 + 7 + k + 2 + 1. Give c(i).
0
Let o(y) = -y**2 - 8*y - 5. Let g be o(-7). Suppose -3*b - b - 8 = 5*h, b + g = 5*h. Let j be ((-12)/4)/(3/b). Let z(t) = t**2 + t - 1. Determine z(j).
5
Suppose m = 2, 0 = -d + m + 6 - 3. Let o(y) = -y + 9. What is o(d)?
4
Let j(q) be the second derivative of q**2 - 1/3*q**3 - 1/20*q**5 + 0 + 1/3*q**4 - 2*q. What is j(3)?
5
Let b(t) = t - 5. Let s = -5 + 5. Calculate b(s).
-5
Let b = 19 - 21. Let p be b + 2/(-2) - 3. Let h(z) = z**3 + 7*z**2 + 7*z + 6. Calculate h(p).
0
Let u = -30 + 29. Let r(w) = -10*w**2 + 1. Calculate r(u).
-9
Let o be (6 - (4 + -1))*1. Let g(y) = -y + 6. Give g(o).
3
Let u(y) be the third derivative of y**6/120 - y**5/60 - 11*y**3/6 - 13*y**2. Determine u(0).
-11
Suppose -2 = -2*x + 4*x. Let z(g) be the first derivative of -1/2*g**2 - 1 - g. Calculate z(x).
0
Let q(f) = -f**2 - 5*f + 56. Let u be q(5). Let d(t) = t**2 - 7*t + 2. Determine d(u).
-4
Let r(n) = -4*n - 11. Let j(b) = -11*b - 32. Let v(z) = -3*j(z) + 8*r(z). Let o be v(-4). Let k(a) = a**2 - 4*a - 3 - 2 + 2. Determine k(o).
-3
Let j(t) be the third derivative of t**6/360 - t**5/20 + t**4/12 - t**3/6 - 6*t**2. Let y(l) be the first derivative of j(l). Calculate y(3).
-7
Let y(c) = 4*c**2 - 4*c**2 + 2 - 4*c + 5*c**2 - c**3. Suppose 0*u - u + 18 = 0. Let m = u - 15. What is y(m)?
8
Suppose 2*h - 4 = -2*d, -h + 2*d - 7 = -2*h. Let o(n) = n**3 + 4*n**2 - n - 1. Determine o(h).
11
Let f = -4 - -3. Let c be (1 + f - -1)/(-1). Let v(y) = -3*y**3 - 9*y**2 + 9. Let o(m) = m**3 + 5*m**2 - 5. Let z(n) = -9*o(n) - 5*v(n). Calculate z(c).
-6
Let d(v) be the second derivative of v**4/12 + 3*v**3/2 + 4*v**2 + 17*v. What is d(-7)?
-6
Let z be (-9)/((-9)/4) - 11. Let o(d) = 7*d - 2 + 1 + d**2 - 1. Give o(z).
-2
Let f(w) = 6*w. Suppose -4*d - 3*l + 2 + 3 = 0, d + l - 1 = 0. Give f(d).
12
Suppose -5*s - 3*c + 34 = 0, 26 = 4*s - 0*s + 2*c. Let i be 1/2*2*0. Let g(m) = m + 0 + i*m - 8. Give g(s).
-3
Let m(t) be the third derivative of t**6/360 - t**5/120 - 7*t**4/24 - t**3/3 + 2*t**2. Let u(a) be the first derivative of m(a). Give u(0).
-7
Suppose -12 = -5*o + 8. Let a(r) = 3*r**3 + 11 - 8 + r - o*r**2 - 4*r**3. Give a(-4).
-1
Let q(n) be the second derivative of -5*n**4/12 + 7*n**3/6 - 5*n**2/2 - 2*n. Let j(k) = 4*k**2 - 6*k + 4. Let m(i) = -4*j(i) - 3*q(i). What is m(4)?
-5
Let c(h) = -3*h + 3. Let f(x) = 5*x - 6. Let a(w) = 7*c(w) + 4*f(w). Let k be a(-6). Let p(v) = -v**3 - 4*v - 4*v**2 + 2*v - 4 + 8*v**2 + 3*v. Determine p(k).
8
Let w(r) be the third derivative of r**6/240 - r**5/24 - r**4/24 - 3*r**2. Let c(g) be the second derivative of w(g). Give c(5).
10
Let b(t) = 0 + 7 + 4*t - 3*t. Let g be b(-4). Let k(f) be the second derivative of -f**3/3 - f**2 + f. Give k(g).
-8
Let z(s) = -s**3 + 5*s**2 - s + 3. Let g(k) be the third derivative of k**4/24 + 13*k**2. Suppose 0*w - 15 = -3*w. Let m be g(w). Calculate z(m).
-2
Let z(f) = -2*f**2 + 12*f + 3. Let y(n) = n**2 - 6*n - 2. Let x(i) = 5*y(i) + 3*z(i). What is x(6)?
-1
Let x(g) = -3*g**2 - 2*g + 1. Suppose -3*v + 1 = -w - 4, v - 3 = w. Give x(w).
-7
Suppose -5*v + 25 = 0, 0*v - 2*v - 2 = 3*n. Let r(o) = -2*o + 4 + 2 + 4*o. Let j(f) = f + 3. Let l(m) = -7*j(m) + 3*r(m). Give l(n).
1
Suppose -3*i - 5 = i + 5*f, -2*f - 30 = -4*i. Let w(u) = -u. Let k(l) = 2*l. Let a(b) = k(b) + 3*w(b). Give a(i).
-5
Suppose 2*k = -2*k + 12. Let b(o) = -k*o**2 - 3 + 4*o**2 - 1 - 4*o. Determine b(6).
8
Let z(x) = -3 + 5*x + 3 + x**2 - 6. Suppose 0 = 